s digit of 19888?
9
What is the units digit of 53?
3
What is the thousands digit of 1373?
1
What is the tens digit of 906?
0
What is the tens digit of 6480?
8
What is the tens digit of 19133?
3
What is the units digit of 12074?
4
What is the thousands digit of 3696?
3
What is the thousands digit of 9878?
9
What is the hundreds digit of 1668?
6
What is the units digit of 1353?
3
What is the hundreds digit of 13194?
1
What is the tens digit of 66543?
4
What is the hundreds digit of 50250?
2
What is the hundreds digit of 878?
8
What is the thousands digit of 37287?
7
What is the thousands digit of 46866?
6
What is the thousands digit of 41576?
1
What is the units digit of 3717?
7
What is the tens digit of 465?
6
What is the units digit of 775?
5
What is the hundreds digit of 3540?
5
What is the hundreds digit of 21802?
8
What is the thousands digit of 2336?
2
What is the tens digit of 169?
6
What is the units digit of 1608?
8
What is the hundreds digit of 17665?
6
What is the hundreds digit of 8889?
8
What is the thousands digit of 6694?
6
What is the thousands digit of 16754?
6
What is the hundreds digit of 4385?
3
What is the units digit of 1913?
3
What is the hundreds digit of 424?
4
What is the ten thousands digit of 17496?
1
What is the hundreds digit of 5598?
5
What is the hundreds digit of 2166?
1
What is the units digit of 9083?
3
What is the tens digit of 13036?
3
What is the thousands digit of 22602?
2
What is the units digit of 9154?
4
What is the tens digit of 107?
0
What is the thousands digit of 15321?
5
What is the hundreds digit of 39041?
0
What is the hundreds digit of 3381?
3
What is the hundreds digit of 15710?
7
What is the units digit of 39290?
0
What is the tens digit of 98200?
0
What is the units digit of 6794?
4
What is the units digit of 3498?
8
What is the hundreds digit of 140148?
1
What is the hundreds digit of 30043?
0
What is the hundreds digit of 650?
6
What is the ten thousands digit of 67588?
6
What is the thousands digit of 36345?
6
What is the hundreds digit of 80240?
2
What is the units digit of 618?
8
What is the tens digit of 516?
1
What is the hundreds digit of 1764?
7
What is the units digit of 87384?
4
What is the units digit of 38?
8
What is the units digit of 8832?
2
What is the units digit of 878?
8
What is the ten thousands digit of 20473?
2
What is the thousands digit of 18307?
8
What is the tens digit of 1076?
7
What is the tens digit of 52?
5
What is the units digit of 997?
7
What is the thousands digit of 5893?
5
What is the units digit of 949?
9
What is the units digit of 715?
5
What is the ten thousands digit of 111805?
1
What is the thousands digit of 3672?
3
What is the thousands digit of 7548?
7
What is the thousands digit of 17141?
7
What is the hundreds digit of 31713?
7
What is the units digit of 104487?
7
What is the units digit of 1375?
5
What is the hundreds digit of 108069?
0
What is the hundreds digit of 1003?
0
What is the tens digit of 35133?
3
What is the tens digit of 64473?
7
What is the hundreds digit of 12181?
1
What is the units digit of 870?
0
What is the hundred thousands digit of 153157?
1
What is the tens digit of 14831?
3
What is the tens digit of 1442?
4
What is the units digit of 38?
8
What is the tens digit of 17244?
4
What is the hundreds digit of 21756?
7
What is the tens digit of 68228?
2
What is the units digit of 137465?
5
What is the units digit of 31985?
5
What is the units digit of 3298?
8
What is the hundreds digit of 27287?
2
What is the hundreds digit of 36234?
2
What is the units digit of 15118?
8
What is the thousands digit of 1127?
1
What is the thousands digit of 58651?
8
What is the thousands digit of 21991?
1
What is the hundreds digit of 4980?
9
What is the hundreds digit of 5711?
7
What is the units digit of 782?
2
What is the thousands digit of 53536?
3
What is the tens digit of 616?
1
What is the units digit of 873?
3
What is the hundreds digit of 991?
9
What is the hundreds digit of 3080?
0
What is the hundreds digit of 24251?
2
What is the hundreds digit of 1487?
4
What is the thousands digit of 16859?
6
What is the units digit of 3652?
2
What is the units digit of 1673?
3
What is the ten thousands digit of 11200?
1
What is the units digit of 1584?
4
What is the units digit of 782?
2
What is the units digit of 15903?
3
What is the tens digit of 3455?
5
What is the thousands digit of 1017?
1
What is the thousands digit of 11053?
1
What is the thousands digit of 1436?
1
What is the ten thousands digit of 43681?
4
What is the hundreds digit of 2358?
3
What is the hundreds digit of 1125?
1
What is the thousands digit of 1617?
1
What is the hundreds digit of 22948?
9
What is the hundreds digit of 844?
8
What is the ten thousands digit of 114825?
1
What is the thousands digit of 2858?
2
What is the tens digit of 618?
1
What is the tens digit of 18433?
3
What is the tens digit of 1260?
6
What is the hundreds digit of 2628?
6
What is the tens digit of 11133?
3
What is the thousands digit of 69449?
9
What is the units digit of 3421?
1
What is the tens digit of 6627?
2
What is the units digit of 6808?
8
What is the hundreds digit of 3713?
7
What is the hundreds digit of 573?
5
What is the tens digit of 1141?
4
What is the units digit of 5276?
6
What is the hundreds digit of 9144?
1
What is the tens digit of 51333?
3
What is the hundreds digit of 111196?
1
What is the hundreds digit of 25705?
7
What is the units digit of 115?
5
What is the units digit of 175?
5
What is the tens digit of 418?
1
What is the thousands digit of 21428?
1
What is the hundred thousands digit of 141427?
1
What is the hundreds digit of 1148?
1
What is the units digit of 13992?
2
What is the units digit of 1569?
9
What is the tens digit of 8362?
6
What is the thousands digit of 9876?
9
What is the hundreds digit of 13842?
8
What is the tens digit of 202?
0
What is the ten thousands digit of 13088?
1
What is the units digit of 16203?
3
What is the thousands digit of 14298?
4
What is the units digit of 3071?
1
What is the ten thousands digit of 15582?
1
What is the tens digit of 145528?
2
What is the tens digit of 31320?
2
What is the units digit of 2323?
3
What is the units digit of 8046?
6
What is the tens digit of 1648?
4
What is the hundreds digit of 560?
5
What is the units digit of 1772?
2
What is the units digit of 11134?
4
What is the tens digit of 1746?
4
What is the tens digit of 6410?
1
What is the thousands digit of 9499?
9
What is the ten thousands digit of 28744?
2
What is the tens digit of 3385?
8
What is the hundreds digit of 10964?
9
What is the thousands digit of 2520?
2
What is the thousands digit of 4333?
4
What is the hundreds digit of 862?
8
What is the thousands digit of 20131?
0
What is the units digit of 31427?
7
What is the hundreds digit of 4489?
4
What is the hundreds digit of 1486?
4
What is the thousands digit of 4018?
4
What is the hundreds digit of 12406?
4
What is the units digit of 535?
5
What is the hundreds digit of 5607?
6
What is the tens digit of 474?
7
What is the ten thousands digit of 20780?
2
What is the units digit of 80782?
2
What is the units digit of 1931?
1
What is the ten thousands digit of 118960?
1
What is the units digit of 42792?
2
What is the units digit of 6422?
2
What is the hundreds digit of 794?
7
What is the thousands digit of 31374?
1
What is the ten thousands digit of 83788?
8
What is the thousands digit of 7678?
7
What is the units digit of 389?
9
What is the hundreds digit of 425?
4
What is the units digit of 123200?
0
What is the units digit of 7535?
5
What is the thousands digit of 7140?
7
What is the tens digit of 21275?
7
What is the tens digit of 67658?
5
What is the hundreds digit of 2041?
0
What is the units digit of 30936?
6
What is the units digit of 605?
5
What is the tens digit of 80849?
4
What is the thousands digit of 50710?
0
What is the tens digit of 2275?
7
What is the hundreds digit of 1350?
3
What is the tens digit of 48520?
2
What is the units digit of 2962?
2
What is the tens digit of 36?
3
What is the tens digit of 500?
0
What is the ten thousands digit of 13358?
1
What is the units digit of 28019?
9
What is the ten thousands digit of 16636?
1
What is the tens digit of 5016?
1
What is the hundreds d